{"id":782,"date":"2025-03-14T07:05:55","date_gmt":"2025-03-14T07:05:55","guid":{"rendered":"https:\/\/gokmenarslan.com.tr\/?page_id=782"},"modified":"2025-08-07T07:34:59","modified_gmt":"2025-08-07T07:34:59","slug":"diger-olcme-araclari","status":"publish","type":"page","link":"https:\/\/gokmenarslan.com.tr\/?page_id=782","title":{"rendered":"Di\u011fer \u00d6l\u00e7me Ara\u00e7lar\u0131"},"content":{"rendered":"<p>Web sitemde yer alan \u00f6l\u00e7ekler,\u00a0<strong>Creative Commons Attribution-NonCommercial-NoDerivatives 4.0 International (CC BY-NC-ND)<\/strong>\u00a0lisans\u0131 kapsam\u0131nda kullan\u0131labilir. Bu lisans, \u00f6l\u00e7eklerin yaln\u0131zca\u00a0<strong>ticari olmayan ama\u00e7larla<\/strong>,\u00a0<strong>de\u011fi\u015ftirilmeden<\/strong>\u00a0ve\u00a0<strong>uygun at\u0131f yap\u0131larak<\/strong>\u00a0kullan\u0131lmas\u0131n\u0131 \u015fart ko\u015far. Ara\u015ft\u0131rmac\u0131lar\u0131n bu ko\u015fullara uygun hareket etmeleri ve \u00e7al\u0131\u015fmalarda etik kurallara riayet etmeleri beklenir. Kullan\u0131mla ilgili ek izin almak i\u00e7in e-posta g\u00f6ndermenize gerek yoktur. Kullan\u0131m d\u0131\u015f\u0131ndaki konular i\u00e7in l\u00fctfen ileti\u015fime ge\u00e7iniz. Daha fazla bilgi i\u00e7in\u00a0<a href=\"https:\/\/creativecommons.org\/licenses\/by-nc-nd\/4.0\/\">Creative Commons Lisans A\u00e7\u0131klamas\u0131<\/a>\u00a0ba\u011flant\u0131s\u0131n\u0131 ziyaret edebilirsiniz.<\/p>\n<p><strong>\u00d6l\u00e7ekler<\/strong><\/p>\n<p><strong>Ergen Psikolojik \u0130stismar \u00d6l\u00e7e\u011fi<\/strong><\/p>\n<ul>\n<li><strong>Ama\u00e7:<\/strong>\u00a0Yeti\u015fkinlerde \u00e7ocukluk d\u00f6nemi psikolojik istismar ya\u015fant\u0131lar\u0131n\u0131 \u00f6l\u00e7mek.<\/li>\n<li><strong>Yap\u0131:<\/strong> 27 madde ve d\u00f6rt alt boyuttan olu\u015fmaktad\u0131r. Ayr\u0131ca 12 maddelik k\u0131sa formu mevcuttur.<\/li>\n<li><strong>Kaynak:<\/strong>\n<ul>\n<li>Arslan, G. (2015). Psikolojik \u0130stismar \u00d6l\u00e7e\u011fi (P\u0130\u00d6) geli\u015ftirme \u00e7al\u0131\u015fmas\u0131: Ergenlerde psikometrik \u00f6zelliklerinin incelenmesi.\u00a0<em>Bart\u0131n \u00dcniversitesi E\u011fitim Fak\u00fcltesi Dergisi<\/em>, 4(2), 727-738.<\/li>\n<li>Arslan, G. (2017). Psychological maltreatment, coping strategies, and mental health problems: A brief and effective measure of psychological maltreatment.\u00a0<em>Child Abuse &amp; Neglect<\/em>, 68, 96-106.<\/li>\n<li>Arslan, G. (2017). Psychological maltreatment, forgiveness, mindfulness, and internet addiction among young adults: A study of mediation effect.\u00a0<em>Computers in Human Behavior<\/em>, 72, 57-66.<\/li>\n<li>Arslan, G. (2021). Psychological maltreatment predicts decreases in social wellbeing through resilience in college students: A conditional process approach of positive emotions.\u00a0<em>Current Psychology: A Journal for Diverse Perspectives on Diverse Psychological Issues.<\/em>\u00a0Advance online publication.\u00a0<a href=\"https:\/\/psycnet.apa.org\/doi\/10.1007\/s12144-021-01583-0\" target=\"_blank\" rel=\"noopener\">https:\/\/doi.org\/10.1007\/s12144-021-01583-0<\/a><\/li>\n<\/ul>\n<\/li>\n<li><strong>12 Maddelik \u00d6l\u00e7e\u011fe Eri\u015fim:<\/strong>\u00a0<a href=\"https:\/\/docs.google.com\/document\/d\/1YnU8hi61xlbHv_6DnOb_3tjeaT2MoC0F\/edit?usp=sharing&amp;ouid=113874101593565540093&amp;rtpof=true&amp;sd=true\" target=\"_blank\" rel=\"noopener\">T\u0131klay\u0131n\u0131z<\/a><\/li>\n<li><strong>27 Maddelik \u00d6l\u00e7e\u011fe Eri\u015fim:<\/strong>\u00a0<a href=\"https:\/\/docs.google.com\/document\/d\/1VLgcReLo_o6IrJFDS7QJJ1JJsh_6rq7Y\/edit?usp=drive_link&amp;ouid=113874101593565540093&amp;rtpof=true&amp;sd=true\" target=\"_blank\" rel=\"noopener\">T\u0131klay\u0131n\u0131z<\/a><\/li>\n<\/ul>\n<p><strong>Yeti\u015fkin Psikolojik \u0130stismar \u00d6l\u00e7e\u011fi<\/strong><\/p>\n<ul>\n<li><strong>Ama\u00e7:<\/strong>\u00a0\u00c7ocuk ve ergenlerde aileden alg\u0131lanan psikolojik istismar ya\u015fant\u0131lar\u0131n\u0131 \u00f6l\u00e7mek.<\/li>\n<li><strong>Yap\u0131:<\/strong>\u00a027 madde ve d\u00f6rt alt boyuttan olu\u015fmaktad\u0131r. Ayr\u0131ca 12 maddelik k\u0131sa formu mevcuttur.<\/li>\n<li><strong>Kaynak:<\/strong>\n<ul>\n<li>Arslan, G. (2015). Psikolojik \u0130stismar \u00d6l\u00e7e\u011fi (P\u0130\u00d6) geli\u015ftirme \u00e7al\u0131\u015fmas\u0131: Ergenlerde psikometrik \u00f6zelliklerinin incelenmesi.\u00a0<em>Bart\u0131n \u00dcniversitesi E\u011fitim Fak\u00fcltesi Dergisi<\/em>, 4(2), 727-738.<\/li>\n<li>Arslan, G. (2017). Psychological maltreatment, coping strategies, and mental health problems: A brief and effective measure of psychological maltreatment.\u00a0<em>Child Abuse &amp; Neglect<\/em>, 68, 96-106.<\/li>\n<li>Arslan, G. (2017). Psychological maltreatment, forgiveness, mindfulness, and internet addiction among young adults: A study of mediation effect.\u00a0<em>Computers in Human Behavior<\/em>, 72, 57-66.<\/li>\n<li>Arslan, G. (2021). Psychological maltreatment predicts decreases in social wellbeing through resilience in college students: A conditional process approach of positive emotions.\u00a0<em>Current Psychology: A Journal for Diverse Perspectives on Diverse Psychological Issues.<\/em>\u00a0Advance online publication.\u00a0<a href=\"https:\/\/psycnet.apa.org\/doi\/10.1007\/s12144-021-01583-0\" target=\"_blank\" rel=\"noopener\">https:\/\/doi.org\/10.1007\/s12144-021-01583-0<\/a><\/li>\n<\/ul>\n<\/li>\n<li><strong>12 Maddelik \u00d6l\u00e7e\u011fe Eri\u015fim:<\/strong>\u00a0<a href=\"https:\/\/docs.google.com\/document\/d\/1dG2jI4R470MravAo2ear8tdrRcGMkK7i\/edit?usp=sharing&amp;ouid=113874101593565540093&amp;rtpof=true&amp;sd=true\" target=\"_blank\" rel=\"noopener\">T\u0131klay\u0131n\u0131z<\/a><\/li>\n<li><strong>27 Maddelik \u00d6l\u00e7e\u011fe Eri\u015fim:<\/strong>\u00a0<a href=\"https:\/\/docs.google.com\/document\/d\/1w6HHjwbSI3J-3oCp7-2rjRzEjHB8O-sf\/edit?usp=drive_link&amp;ouid=113874101593565540093&amp;rtpof=true&amp;sd=true\" target=\"_blank\" rel=\"noopener\">T\u0131klay\u0131n\u0131z<\/a><\/li>\n<\/ul>\n<p>Bu \u00f6l\u00e7ekler, ara\u015ft\u0131rmac\u0131lar ve e\u011fitimciler taraf\u0131ndan ticari olmayan ama\u00e7larla, de\u011fi\u015ftirilmeden ve uygun at\u0131f yap\u0131larak kullan\u0131labilir. Herhangi bir sorunuz veya \u00f6neriniz i\u00e7in l\u00fctfen\u00a0ileti\u015fime ge\u00e7iniz.<\/p>\n","protected":false},"excerpt":{"rendered":"<p>Web sitemde yer alan \u00f6l\u00e7ekler,\u00a0Creative Commons Attribution-NonCommercial-NoDerivatives 4.0 International (CC BY-NC-ND)\u00a0lisans\u0131 kapsam\u0131nda kullan\u0131labilir. Bu lisans, \u00f6l\u00e7eklerin yaln\u0131zca\u00a0ticari olmayan ama\u00e7larla,\u00a0de\u011fi\u015ftirilmeden\u00a0ve\u00a0uygun at\u0131f yap\u0131larak\u00a0kullan\u0131lmas\u0131n\u0131 \u015fart ko\u015far. Ara\u015ft\u0131rmac\u0131lar\u0131n bu ko\u015fullara uygun hareket etmeleri ve \u00e7al\u0131\u015fmalarda etik kurallara riayet etmeleri beklenir. Kullan\u0131mla ilgili ek izin almak i\u00e7in e-posta g\u00f6ndermenize gerek yoktur. Kullan\u0131m d\u0131\u015f\u0131ndaki konular i\u00e7in l\u00fctfen ileti\u015fime ge\u00e7iniz. Daha fazla &hellip;<\/p>\n","protected":false},"author":1,"featured_media":0,"parent":0,"menu_order":0,"comment_status":"closed","ping_status":"closed","template":"","meta":{"_acf_changed":false,"footnotes":""},"class_list":["post-782","page","type-page","status-publish","hentry"],"acf":[],"_links":{"self":[{"href":"https:\/\/gokmenarslan.com.tr\/index.php?rest_route=\/wp\/v2\/pages\/782","targetHints":{"allow":["GET"]}}],"collection":[{"href":"https:\/\/gokmenarslan.com.tr\/index.php?rest_route=\/wp\/v2\/pages"}],"about":[{"href":"https:\/\/gokmenarslan.com.tr\/index.php?rest_route=\/wp\/v2\/types\/page"}],"author":[{"embeddable":true,"href":"https:\/\/gokmenarslan.com.tr\/index.php?rest_route=\/wp\/v2\/users\/1"}],"replies":[{"embeddable":true,"href":"https:\/\/gokmenarslan.com.tr\/index.php?rest_route=%2Fwp%2Fv2%2Fcomments&post=782"}],"version-history":[{"count":6,"href":"https:\/\/gokmenarslan.com.tr\/index.php?rest_route=\/wp\/v2\/pages\/782\/revisions"}],"predecessor-version":[{"id":1608,"href":"https:\/\/gokmenarslan.com.tr\/index.php?rest_route=\/wp\/v2\/pages\/782\/revisions\/1608"}],"wp:attachment":[{"href":"https:\/\/gokmenarslan.com.tr\/index.php?rest_route=%2Fwp%2Fv2%2Fmedia&parent=782"}],"curies":[{"name":"wp","href":"https:\/\/api.w.org\/{rel}","templated":true}]}}